(j) = 2*j**2 + 6*j. Let c be w(6). Calculate the greatest common factor of 12 and c.
12
Suppose -5 - 11 = k. Let o be 0 + 3 + -2 - k. Let h = 24 - o. What is the highest common factor of h and 7?
7
Let j(l) = 9*l - 1. Let y be j(4). Suppose 4*q - 7 = 13. Suppose -4*s + 15 = q*k, -s = 6*k - k. What is the greatest common divisor of s and y?
5
Suppose 20 = g - 2*l, -4*g + 40 = l - 4. What is the highest common divisor of g and 12?
12
Let w be (-25)/(-3) - 4/(-6). Suppose -2*j + 2*f + 3*f = -92, -4*f = -4*j + 160. Suppose 0 = 3*h + h - j. Calculate the greatest common factor of h and w.
9
Let f = -3 - -16. What is the highest common factor of 26 and f?
13
Let q be (-294)/(-4)*28/21. Suppose 14 = -0*n + n. What is the highest common factor of q and n?
14
Suppose -7*r + 10*r - 36 = 0. What is the highest common factor of r and 132?
12
Suppose 3*u + 55 = 8*u. Suppose -b - 3 + u = 0. Calculate the greatest common factor of b and 88.
8
Suppose -5*b - 3*n - 461 = 0, 3*b + 3*n + 273 = -0*n. Let v = b - -182. Calculate the highest common divisor of v and 8.
8
Let c = 73 + 8. Calculate the greatest common factor of c and 27.
27
Let d be (-2 + 54)/(-2 + 4). Calculate the highest common divisor of 26 and d.
26
Suppose -4*y - 20 = -5*h, 0 = 3*h - 4*y + 2 - 6. Let s be (-42)/8 - 6/h. Let l be (s/(-4))/(15/200). Calculate the highest common factor of l and 4.
4
Suppose -z + 4*z - 147 = 0. Let w = z + -19. Calculate the highest common divisor of w and 12.
6
Suppose -p + 5*p - 5*t = 1563, 0 = 4*p + 2*t - 1542. Calculate the highest common divisor of p and 43.
43
Let g = 17 - 8. Let s(f) = 11*f - 6. Let v be s(3). Calculate the highest common factor of v and g.
9
Let y = 142 - 122. What is the highest common factor of y and 180?
20
Suppose u + 2*u - 6 = -3*g, -4*u = -3*g - 29. Suppose u = 2*o + 3*o. Calculate the highest common factor of o and 2.
1
Suppose 5*w - 4*p = p + 395, -w + 81 = -2*p. Calculate the greatest common factor of w and 7.
7
Let g(l) = -l + 1. Let i(j) = -2*j**3 - j**2 - 8*j + 2. Let r(h) = -5*g(h) + i(h). Let s be r(-2). Calculate the greatest common divisor of s and 6.
3
Suppose -6*a = -a + 5. Let s be 1 + 100 + a + -1. Calculate the highest common divisor of s and 9.
9
Suppose f - 4*t = -4, t = 2*f + 4*t - 3. Let b = -6 + f. Let x be (b + 3)*(-25 + 0). What is the greatest common factor of 30 and x?
15
Let z(k) = -14*k - 37. Let q be z(-6). Calculate the highest common divisor of 423 and q.
47
Let b = 16 - 2. Calculate the greatest common factor of 35 and b.
7
Let p be ((-3)/(-3))/1 + -9. Let l = 17 + p. Calculate the greatest common factor of 9 and l.
9
Suppose -138 = 2*c + 246. Let s = 327 + c. Calculate the greatest common factor of s and 15.
15
Let z be ((-5)/4)/((-2)/8). Let k(v) be the first derivative of v**3/3 - 3*v**2/2 - 7*v - 9. Let f be k(z). What is the highest common factor of f and 21?
3
Let l be 1/((-15)/9 + 2). Suppose l*m + 6 = 42. Let f be (-4)/((m/(-105))/2). Calculate the highest common divisor of 14 and f.
14
Let p(n) = 12*n**2 + 3*n + 27. Let t be p(5). Calculate the highest common factor of 38 and t.
38
Let s be 1 - (-3 - (73 + 0)). What is the highest common divisor of 7 and s?
7
Let j(o) = o**2 + o - 6. Let f = 2 - -3. Let c be j(f). What is the greatest common factor of 60 and c?
12
Let g = -21 - 22. Let r = -22 - g. What is the highest common divisor of 14 and r?
7
Let a = -9 - -54. Calculate the greatest common divisor of 5 and a.
5
Let u be 67/5 + (-21)/(-35). Let o be (-3 - -3) + (-3)/3. Let i be -3 + (-62)/o + -3. What is the highest common divisor of u and i?
14
Let h be 1/(-2) - 1160/(-16). Calculate the highest common divisor of 9 and h.
9
Let b(g) = -g + 9. Let s be b(5). Suppose s*m + 5*p - 79 = 0, -p = 3*m - 0*m - 51. Suppose -j = j - m. Calculate the greatest common divisor of 64 and j.
8
Let j be -3 + (16/4 - -215). Calculate the greatest common factor of 24 and j.
24
Let m = -90 - -97. What is the highest common divisor of m and 28?
7
Let f(l) be the third derivative of 2*l**5/3 - l**4/12 + l**3/6 + l**2. Let o be f(1). What is the highest common factor of o and 13?
13
Let i(r) = r + 2. Let j be i(-6). Let q be (59*-1)/(3 + j). Suppose t + 197 + q = 2*n, t = -4. What is the highest common factor of n and 14?
14
Suppose l + 4*a + a - 28 = 0, 4*l + 5*a = 172. Calculate the highest common factor of 16 and l.
16
Let h(s) = -9 + 15 + 6*s - 3 - s**2. Let o be h(6). What is the greatest common factor of 15 and o?
3
Suppose 0 = -4*p - n + 27, n = 4 - 1. Let w(v) = -v**3 + 6*v**2 + 2*v + 4. Let r be w(p). What is the greatest common factor of 48 and r?
16
Suppose 4*d + 37 = 97. What is the greatest common factor of d and 30?
15
Suppose -f = 8 - 30. What is the greatest common divisor of f and 22?
22
Let m(i) = -21*i - 25. Let a be m(-5). What is the greatest common divisor of a and 120?
40
Suppose 2*r + 5*t + 20 - 8 = 0, -4*t = 4*r. Calculate the highest common factor of 1 and r.
1
Let a(r) = r**3 + 3*r - 4. Let k be a(4). Calculate the greatest common factor of 16 and k.
8
Let j = 1 + 0. Let x be (-12)/(-8)*2/3. Calculate the greatest common factor of j and x.
1
Suppose 5 = 2*y - g - 6, 4*y + 3*g - 47 = 0. What is the highest common divisor of y and 8?
8
Suppose 0 = -8*v + 7*v + 18. Suppose b - 21 = -y, 5*y + b - 99 = -2*b. Calculate the greatest common factor of v and y.
18
Let p be 34 + 3 + -1*(-1)/1. What is the greatest common divisor of 2 and p?
2
Suppose r = 5*n - 4*r - 60, 0 = -2*n - 4*r + 30. What is the greatest common factor of 65 and n?
13
Let h be 30 + (12/16 - (-1)/4). What is the highest common divisor of h and 155?
31
Let u = -43 - -55. Calculate the highest common divisor of 96 and u.
12
Let m = -31 - 36. Let j = m - -95. Calculate the greatest common divisor of 70 and j.
14
Suppose 0*m = -m - 3*k + 15, -3*k + 3 = -m. Suppose 60 = -j + m*j. Let r be ((-217)/28 + 7)/((-2)/48). What is the highest common divisor of j and r?
6
Let y(q) = -10*q. Let s be y(-2). Suppose -u + 6 = -4. Calculate the highest common divisor of s and u.
10
Suppose 6 + 9 = 5*c. Suppose -c*z + 5*z = 50. Calculate the highest common divisor of z and 5.
5
Suppose -2*n + 146 = -2*k, -3*k = k + 4. Suppose 4*s = 4*t - 3*t + n, -s + 25 = -2*t. Calculate the greatest common divisor of 119 and s.
17
Let p be ((-2)/(-4))/(6/24). Suppose 5*n - 3*u - 54 = 0, -42 = -5*n - 3*u + p*u. What is the greatest common divisor of 6 and n?
3
Suppose -45 = -0*q - 3*q. Suppose -232 = -2*w + 38. Calculate the highest common factor of q and w.
15
Let u = -18 - -25. Let a be 1*(2/1 - -5). What is the highest common factor of a and u?
7
Let w = 22 + -21. Let g = -3 + 7. Calculate the highest common factor of w and g.
1
Let f(d) = 4*d**3 - 4*d**2 + 3*d - 7. Let k be f(3). Calculate the greatest common divisor of k and 185.
37
Let m = 5 - 1. Let k be -2 + 4 + m/2. Suppose -k*w + 21 = -27. Calculate the greatest common divisor of 24 and w.
12
Suppose 4*i + 8 = g - 13, -3*g = -3*i - 72. Calculate the highest common factor of g and 225.
25
Let p(x) = 0*x**2 + 1 + x**2 + 2 - 7*x. Let i be p(7). Suppose -3*f - 14 = -4*g + 13, 2*f = g - 13. What is the highest common divisor of g and i?
3
Let m(v) = 3*v**2 - 10*v + 3. Let q be m(7). Calculate the greatest common factor of 16 and q.
16
Let a = 21 + -4. Suppose s + 4*s - 255 = 0. What is the greatest common divisor of a and s?
17
Suppose -10 = -2*i, 2*g - 65 = -0*g + 5*i. Calculate the greatest common factor of 15 and g.
15
Let a = 27 - 9. Let s(x) = 18*x**2. Let z be s(-3). What is the greatest common divisor of a and z?
18
Suppose -8*k = -4*k - 64. Suppose -44*f - 48 = -47*f. What is the highest common divisor of f and k?
16
Suppose 3*x - 2*p - 14 = 52, p - 123 = -5*x. Let n be 0/(-1*(-1 - 0)). Suppose 0 = 2*c - n*c - 16. What is the greatest common divisor of c and x?
8
Let w(a) = 3*a - 1. Let y be w(7). Calculate the highest common divisor of y and 160.
20
Let i be ((-9)/4)/(6/(-32)). Calculate the highest common factor of 48 and i.
12
Suppose -3*h = -5*s - 64, -5*h + 60 = 2*s - s. Calculate the greatest common divisor of 13 and h.
13
Suppose -2*x + 3*k = -19, 5*k - 2*k - 3 = 0. Let o = 281 - 171. What is the highest common divisor of o and x?
11
Let z(q) be the second derivative of -q**5/20 + 3*q**4/4